[INFO] cloning repository https://github.com/Dragonrun1/morse_code
[INFO] running `Command { std: "git" "-c" "credential.helper=" "-c" "credential.helper=/workspace/cargo-home/bin/git-credential-null" "clone" "--bare" "https://github.com/Dragonrun1/morse_code" "/workspace/cache/git-repos/https%3A%2F%2Fgithub.com%2FDragonrun1%2Fmorse_code", kill_on_drop: false }`
[INFO] [stderr] Cloning into bare repository '/workspace/cache/git-repos/https%3A%2F%2Fgithub.com%2FDragonrun1%2Fmorse_code'...
[INFO] running `Command { std: "git" "rev-parse" "HEAD", kill_on_drop: false }`
[INFO] [stdout] ef76838ee357535f8b6d17e74c224946e31ad590
[INFO] checking Dragonrun1/morse_code against try#72f88fc4e9458f89516a0b8b0868f3718aec5b47 for pr-74989
[INFO] running `Command { std: "git" "clone" "/workspace/cache/git-repos/https%3A%2F%2Fgithub.com%2FDragonrun1%2Fmorse_code" "/workspace/builds/worker-1/source", kill_on_drop: false }`
[INFO] [stderr] Cloning into '/workspace/builds/worker-1/source'...
[INFO] [stderr] done.
[INFO] validating manifest of git repo https://github.com/Dragonrun1/morse_code on toolchain 72f88fc4e9458f89516a0b8b0868f3718aec5b47
[INFO] running `Command { std: "/workspace/cargo-home/bin/cargo" "+72f88fc4e9458f89516a0b8b0868f3718aec5b47" "read-manifest" "--manifest-path" "Cargo.toml", kill_on_drop: false }`
[INFO] started tweaking git repo https://github.com/Dragonrun1/morse_code
[INFO] finished tweaking git repo https://github.com/Dragonrun1/morse_code
[INFO] tweaked toml for git repo https://github.com/Dragonrun1/morse_code written to /workspace/builds/worker-1/source/Cargo.toml
[INFO] crate git repo https://github.com/Dragonrun1/morse_code already has a lockfile, it will not be regenerated
[INFO] running `Command { std: "/workspace/cargo-home/bin/cargo" "+72f88fc4e9458f89516a0b8b0868f3718aec5b47" "fetch" "--locked" "--manifest-path" "Cargo.toml", kill_on_drop: false }`
[INFO] [stderr]     Blocking waiting for file lock on package cache
[INFO] [stderr]     Blocking waiting for file lock on package cache
[INFO] running `Command { std: "docker" "create" "-v" "/var/lib/crater-agent-workspace/builds/worker-1/target:/opt/rustwide/target:rw,Z" "-v" "/var/lib/crater-agent-workspace/builds/worker-1/source:/opt/rustwide/workdir:ro,Z" "-v" "/var/lib/crater-agent-workspace/cargo-home:/opt/rustwide/cargo-home:ro,Z" "-v" "/var/lib/crater-agent-workspace/rustup-home:/opt/rustwide/rustup-home:ro,Z" "-e" "SOURCE_DIR=/opt/rustwide/workdir" "-e" "CARGO_TARGET_DIR=/opt/rustwide/target" "-e" "CARGO_HOME=/opt/rustwide/cargo-home" "-e" "RUSTUP_HOME=/opt/rustwide/rustup-home" "-w" "/opt/rustwide/workdir" "-m" "1610612736" "--user" "0:0" "--network" "none" "rustops/crates-build-env@sha256:d92eaeed33fa75130ca1ee6c8a01d1ffb62bac859dfdfb3450e3e5d1c0146529" "/opt/rustwide/cargo-home/bin/cargo" "+72f88fc4e9458f89516a0b8b0868f3718aec5b47" "metadata" "--no-deps" "--format-version=1", kill_on_drop: false }`
[INFO] [stdout] 032a0053c8eccae63e082b69354b755baf518aa06f6783145bf206cef35710a8
[INFO] [stderr] WARNING: Your kernel does not support swap limit capabilities or the cgroup is not mounted. Memory limited without swap.
[INFO] running `Command { std: "docker" "start" "-a" "032a0053c8eccae63e082b69354b755baf518aa06f6783145bf206cef35710a8", kill_on_drop: false }`
[INFO] running `Command { std: "docker" "inspect" "032a0053c8eccae63e082b69354b755baf518aa06f6783145bf206cef35710a8", kill_on_drop: false }`
[INFO] running `Command { std: "docker" "rm" "-f" "032a0053c8eccae63e082b69354b755baf518aa06f6783145bf206cef35710a8", kill_on_drop: false }`
[INFO] [stdout] 032a0053c8eccae63e082b69354b755baf518aa06f6783145bf206cef35710a8
[INFO] running `Command { std: "docker" "create" "-v" "/var/lib/crater-agent-workspace/builds/worker-1/target:/opt/rustwide/target:rw,Z" "-v" "/var/lib/crater-agent-workspace/builds/worker-1/source:/opt/rustwide/workdir:ro,Z" "-v" "/var/lib/crater-agent-workspace/cargo-home:/opt/rustwide/cargo-home:ro,Z" "-v" "/var/lib/crater-agent-workspace/rustup-home:/opt/rustwide/rustup-home:ro,Z" "-e" "SOURCE_DIR=/opt/rustwide/workdir" "-e" "CARGO_TARGET_DIR=/opt/rustwide/target" "-e" "CARGO_INCREMENTAL=0" "-e" "RUST_BACKTRACE=full" "-e" "RUSTFLAGS=--cap-lints=forbid" "-e" "CARGO_HOME=/opt/rustwide/cargo-home" "-e" "RUSTUP_HOME=/opt/rustwide/rustup-home" "-w" "/opt/rustwide/workdir" "-m" "1610612736" "--user" "0:0" "--network" "none" "rustops/crates-build-env@sha256:d92eaeed33fa75130ca1ee6c8a01d1ffb62bac859dfdfb3450e3e5d1c0146529" "/opt/rustwide/cargo-home/bin/cargo" "+72f88fc4e9458f89516a0b8b0868f3718aec5b47" "check" "--frozen" "--all" "--all-targets" "--message-format=json", kill_on_drop: false }`
[INFO] [stdout] 59a16613bae025cd78635b5a27d42c47e614b12c471aae87d98eb13220bfe0a4
[INFO] [stderr] WARNING: Your kernel does not support swap limit capabilities or the cgroup is not mounted. Memory limited without swap.
[INFO] running `Command { std: "docker" "start" "-a" "59a16613bae025cd78635b5a27d42c47e614b12c471aae87d98eb13220bfe0a4", kill_on_drop: false }`
[INFO] [stderr]    Compiling proc-macro2 v0.4.30
[INFO] [stderr]    Compiling unicode-xid v0.1.0
[INFO] [stderr]    Compiling libc v0.2.62
[INFO] [stderr]     Checking strsim v0.8.0
[INFO] [stderr]     Checking vec_map v0.8.1
[INFO] [stderr]     Checking ansi_term v0.11.0
[INFO] [stderr]    Compiling quote v0.6.13
[INFO] [stderr]     Checking atty v0.2.13
[INFO] [stderr]     Checking clap v2.33.0
[INFO] [stderr]    Compiling syn v0.15.44
[INFO] [stderr]    Compiling structopt-derive v0.2.18
[INFO] [stderr]     Checking structopt v0.2.18
[INFO] [stderr]     Checking morse_code v0.0.1 (/opt/rustwide/workdir)
[INFO] [stdout] error[E0277]: `(dyn std::io::Read + 'static)` doesn't implement `Debug`
[INFO] [stdout]   --> src/lib.rs:63:5
[INFO] [stdout]    |
[INFO] [stdout] 63 |     read: Box<dyn io::Read>,
[INFO] [stdout]    |     ^^^^^^^^^^^^^^^^^^^^^^^ `(dyn std::io::Read + 'static)` cannot be formatted using `{:?}` because it doesn't implement `Debug`
[INFO] [stdout]    |
[INFO] [stdout]    = help: the trait `Debug` is not implemented for `(dyn std::io::Read + 'static)`
[INFO] [stdout]    = note: required because of the requirements on the impl of `Debug` for `Box<(dyn std::io::Read + 'static)>`
[INFO] [stdout]    = note: required because of the requirements on the impl of `Debug` for `&Box<(dyn std::io::Read + 'static)>`
[INFO] [stdout]    = note: required for the cast to the object type `dyn Debug`
[INFO] [stdout]    = note: this error originates in a derive macro (in Nightly builds, run with -Z macro-backtrace for more info)
[INFO] [stdout] 
[INFO] [stdout] 
[INFO] [stdout] error[E0277]: `(dyn std::io::Read + 'static)` doesn't implement `Debug`
[INFO] [stdout]   --> src/lib.rs:63:5
[INFO] [stdout]    |
[INFO] [stdout] 63 |     read: Box<dyn io::Read>,
[INFO] [stdout]    |     ^^^^^^^^^^^^^^^^^^^^^^^ `(dyn std::io::Read + 'static)` cannot be formatted using `{:?}` because it doesn't implement `Debug`
[INFO] [stdout]    |
[INFO] [stdout]    = help: the trait `Debug` is not implemented for `(dyn std::io::Read + 'static)`
[INFO] [stdout]    = note: required because of the requirements on the impl of `Debug` for `Box<(dyn std::io::Read + 'static)>`
[INFO] [stdout]    = note: required because of the requirements on the impl of `Debug` for `&Box<(dyn std::io::Read + 'static)>`
[INFO] [stdout]    = note: required for the cast to the object type `dyn Debug`
[INFO] [stdout]    = note: this error originates in a derive macro (in Nightly builds, run with -Z macro-backtrace for more info)
[INFO] [stdout] 
[INFO] [stdout] 
[INFO] [stdout] error[E0277]: `(dyn std::io::Write + 'static)` doesn't implement `Debug`
[INFO] [stdout]   --> src/lib.rs:64:5
[INFO] [stdout]    |
[INFO] [stdout] 64 |     write: Box<dyn io::Write>,
[INFO] [stdout]    |     ^^^^^^^^^^^^^^^^^^^^^^^^^ `(dyn std::io::Write + 'static)` cannot be formatted using `{:?}` because it doesn't implement `Debug`
[INFO] [stdout]    |
[INFO] [stdout]    = help: the trait `Debug` is not implemented for `(dyn std::io::Write + 'static)`
[INFO] [stdout]    = note: required because of the requirements on the impl of `Debug` for `Box<(dyn std::io::Write + 'static)>`
[INFO] [stdout]    = note: required because of the requirements on the impl of `Debug` for `&Box<(dyn std::io::Write + 'static)>`
[INFO] [stdout]    = note: required for the cast to the object type `dyn Debug`
[INFO] [stdout]    = note: this error originates in a derive macro (in Nightly builds, run with -Z macro-backtrace for more info)
[INFO] [stdout] 
[INFO] [stdout] 
[INFO] [stdout] error[E0277]: `(dyn std::io::Write + 'static)` doesn't implement `Debug`
[INFO] [stdout]   --> src/lib.rs:64:5
[INFO] [stdout]    |
[INFO] [stdout] 64 |     write: Box<dyn io::Write>,
[INFO] [stdout]    |     ^^^^^^^^^^^^^^^^^^^^^^^^^ `(dyn std::io::Write + 'static)` cannot be formatted using `{:?}` because it doesn't implement `Debug`
[INFO] [stdout]    |
[INFO] [stdout]    = help: the trait `Debug` is not implemented for `(dyn std::io::Write + 'static)`
[INFO] [stdout]    = note: required because of the requirements on the impl of `Debug` for `Box<(dyn std::io::Write + 'static)>`
[INFO] [stdout]    = note: required because of the requirements on the impl of `Debug` for `&Box<(dyn std::io::Write + 'static)>`
[INFO] [stdout]    = note: required for the cast to the object type `dyn Debug`
[INFO] [stdout]    = note: this error originates in a derive macro (in Nightly builds, run with -Z macro-backtrace for more info)
[INFO] [stdout] 
[INFO] [stdout] 
[INFO] [stdout] error: aborting due to 2 previous errors
[INFO] [stdout] 
[INFO] [stdout] 
[INFO] [stdout] For more information about this error, try `rustc --explain E0277`.
[INFO] [stdout] 
[INFO] [stdout] error: aborting due to 2 previous errors
[INFO] [stdout] 
[INFO] [stdout] 
[INFO] [stdout] For more information about this error, try `rustc --explain E0277`.
[INFO] [stdout] 
[INFO] [stderr] error: could not compile `morse_code`.
[INFO] [stderr] 
[INFO] [stderr] To learn more, run the command again with --verbose.
[INFO] [stderr] warning: build failed, waiting for other jobs to finish...
[INFO] [stderr] error: build failed
[INFO] running `Command { std: "docker" "inspect" "59a16613bae025cd78635b5a27d42c47e614b12c471aae87d98eb13220bfe0a4", kill_on_drop: false }`
[INFO] running `Command { std: "docker" "rm" "-f" "59a16613bae025cd78635b5a27d42c47e614b12c471aae87d98eb13220bfe0a4", kill_on_drop: false }`
[INFO] [stdout] 59a16613bae025cd78635b5a27d42c47e614b12c471aae87d98eb13220bfe0a4
